 - 4. Let p be (-126)/36 + (-1)/(-2). Let u be w(p). Let c = u - -8. Calculate the remainder when c is divided by 7.
6
Suppose 0 = -3*z + 3*g + 429, 214 = z - 4*g + 47. Calculate the remainder when 136 is divided by z.
1
Suppose -2*n = -3*j - 19 + 3, -4*n = j - 32. Suppose 0 = -43*i + 4*i + 624. Suppose -i*a + 120 = n. Calculate the remainder when 46 is divided by a.
4
Suppose 1394 - 986 = 24*w. Suppose -4*j + 6*j - 12 = 2*v, -v - 12 = -3*j. Calculate the remainder when v/(-1*9/348) is divided by w.
14
What is the remainder when 4178 is divided by (2/6*82)/(27/((-486)/(-12)))?
37
Suppose 5*o - c - 855 = 0, 24*c = 23*c + 5. Suppose 96 = l - 5*i, 5*l + 4*i - 287 - 164 = 0. What is the remainder when l is divided by -3 - (o/(-4) + 9)?
29
Let f(c) = -6*c**2 + 357*c - 69. Calculate the remainder when f(43) is divided by 131.
127
What is the remainder when 222 is divided by (2530/88)/((-3)/(-17 - -5))?
107
Let c = 1176 - 472. Suppose 456 = 20*f - c. Let u = 538 + -366. Calculate the remainder when u is divided by f.
56
Let l = -18 - -21. Calculate the remainder when 16/10 + -2 + 21476/140 is divided by 25 + 4 + (-9)/l.
23
Calculate the remainder when (15/(-75))/((-3)/12378) + 1/(-5) is divided by 95.
65
Let t = -576 - -576. Suppose -d + 1 = c, t = -16*c + 14*c - d + 7. Calculate the remainder when 38 is divided by c.
2
Let j = 20030 - 19391. Calculate the remainder when j is divided by 66.
45
Let j = -2911 + 2925. Calculate the remainder when 365 is divided by j.
1
Suppose 4*p - 5*s = -11, -p - s + 6 = 2*p. Let d(x) = -5*x**2 - x. Let a be d(p). What is the remainder when 143 is divided by ((-3)/(-6))/(2/a)*-16?
23
Let i be (0*(-2)/(-8))/(-1). Suppose i = -16*s + 13*s - 3*h + 3, h = -4. What is the remainder when 16 is divided by s?
1
Let f = -5435 - -10744. Calculate the remainder when f is divided by 16.
13
Let f(w) = 2*w**2 + 24*w**2 - 28*w**2 + 34*w**2 + 3 - 3*w. What is the remainder when f(1) is divided by 6?
2
Let w = -2268 - -2378. What is the remainder when w is divided by 29?
23
Let z = 13498 + -12726. What is the remainder when z is divided by 23?
13
Suppose -3*u - 85 = -k - 35, 54 = k + u. Suppose -r + 6*r - 70 = 0. Calculate the remainder when k is divided by r.
11
Let r(t) = 200*t - 206. Let n be r(4). Suppose -14*a - n = -25*a. What is the remainder when 158 is divided by a?
50
Suppose 26*b + 15*b = -0*b + 7954. Calculate the remainder when b is divided by 31.
8
Suppose -49 = 31*m - 38*m. What is the remainder when 1019 is divided by m?
4
Suppose -2*t + 3*i - 61 = 0, 5*t + 2*i + 85 = 2*t. What is the remainder when 193 is divided by (10/2)/(29/t) + 36?
7
Let y be ((-34)/(-68))/(1/(-10)*1). Let i(c) = -c**3 - 3*c**2 + 6*c - 1. What is the remainder when 49 is divided by i(y)?
11
Let l(v) = -2*v + 58. Suppose 0 = 99*a - 96*a - 141. What is the remainder when l(-11) is divided by a?
33
Let y(s) = -s**2 - 9*s + 1. Suppose 0 = -2*c - 10, 35*h + 1690 = 40*h + 2*c. Calculate the remainder when h is divided by y(-8).
7
Let v = -606 + 1120. Suppose 2*b + v = 548. What is the remainder when b is divided by 5?
2
Let v be 3/(4 + 15/(-6)). Let s(w) = -5*w + 13 - w + w**v - 61. Calculate the remainder when 9 is divided by s(11).
2
Let g(x) = -x - 6. What is the remainder when 172 is divided by g(-67)?
50
Let v be ((-8)/(-14))/(-2) - 1404/(-63). What is the remainder when 47 is divided by ((-1)/2 - 0)*(6 - v)?
7
Let d be (9 - (-4)/(-4))*8. Let x = d + -63. Calculate the remainder when (10/20)/(x/76) is divided by 20.
18
Let i be -1 + 4 - (2 - (0 - 3)). Calculate the remainder when 10 - (3 - -11)/i is divided by 2.
1
Let t(g) be the second derivative of -5*g**3/6 + 161*g**2/2 + 74*g - 2. What is the remainder when t(22) is divided by 18?
15
Let z(g) = -24*g + 95. Let c(t) = 21*t - 95. Let a(u) = -6*c(u) - 5*z(u). Calculate the remainder when a(-18) is divided by 12.
11
Suppose -337*f = 5*d - 333*f - 1428, -2*d = -3*f - 539. Calculate the remainder when d is divided by 7.
0
What is the remainder when 116/(-406) + 5550/21 is divided by 256?
8
Let o be -5*(1/1*-6)/(-5). Let b be (-1 - -1)/(1/(-1)). What is the remainder when 18 is divided by ((-15)/o - b)*(-16)/(-4)?
8
Let k = 330 + -656. Let q = k - -337. What is the remainder when 97 is divided by q?
9
Suppose -80 = -3*f + 43. What is the remainder when 0 + 413 - -28*(-245)/1372 is divided by f?
39
Let k = -30 + 38. Suppose -68 = -12*c + k*c. Let p = -314 + 345. Calculate the remainder when p is divided by c.
14
Let s(h) = 96*h**2 - 73*h - 1. What is the remainder when 210 is divided by s(1)?
12
Let c(q) = -46*q + 23. Let p be c(2). What is the remainder when 131 is divided by (p/(-15))/((-1)/(-10))?
39
Suppose 0 = -3*a - 4*a - 483. Suppose 4*h + 5*t - 45 = 3*h, -t - 46 = -2*h. Calculate the remainder when 894/(-4)*46/a is divided by h.
24
Suppose -2809*z - 144690 = -2844*z. What is the remainder when z is divided by 46?
40
Let z = 1474 - 1016. Calculate the remainder when z is divided by 43.
28
Suppose 0 = 18*u + 19411 + 45407. Calculate the remainder when 1 + (u - -1)/(-8) is divided by 76.
71
Let z(f) = -295*f + 1904. Calculate the remainder when z(5) is divided by 62.
57
Let w(y) = 2*y**3 - 1. Let r(j) = j**3 + 50*j**2 + 165*j - 712. Calculate the remainder when r(-46) is divided by w(2).
12
Let n be 7 + (-16)/4 - 0/3. Suppose 12*k - 150 = -n*k. What is the remainder when (18/(-24))/((-1)/92) is divided by k?
9
Suppose 5*w = w + 60. Calculate the remainder when (-6)/60 + 59081/110 is divided by w.
12
Suppose 55*x - 17762 - 65138 = 8950. Calculate the remainder when x is divided by 56.
46
Let h = 9724 - 9687. Let x = 1298 + -709. What is the remainder when x is divided by h?
34
Let b(r) = -314*r - 2738. Suppose -5*k = 4*y - k - 116, -3*k - 123 = -4*y. What is the remainder when b(-9) is divided by y?
28
Suppose 4*n + 9 = -75. Let q be (-55)/(-35) - 9/n. Let g(i) = i**3 + i**2 - 5*i + 5. What is the remainder when 24 is divided by g(q)?
3
Let m(d) = 2*d**3 + d**2 - 12*d + 86. What is the remainder when m(5) is divided by 103?
95
Suppose 7*p = -6*p + 221. What is the remainder when 43 is divided by ((-6)/(-4))/(p/170)?
13
Suppose 4*n = -5*r + 241, n - 17 - 32 = -5*r. Calculate the remainder when 180 is divided by n.
52
Let r(z) = -z**2 - 12*z + 25. Let j = 14 + -18. Let o(p) = p - 9. Let k be o(j). Calculate the remainder when r(k) is divided by 3.
0
Let f = 1405 + 1820. What is the remainder when f is divided by 12?
9
Let u = -422 + 427. Calculate the remainder when 70 is divided by u*24/20 + 5.
4
Let z(k) = -k**2 - 7*k + 13. Let b be z(-8). Suppose 3*t + 110 = 8*t - 5*j, b = -j. Calculate the remainder when 75 is divided by t.
7
Suppose 0 = 4*y + 4*b - 32, 0 = -y + 3*b - 1 - 3. Suppose -5*u - 688 = -14*l, 4*l - 49*u + 54*u = 158. Calculate the remainder when l is divided by y.
2
What is the remainder when (-15549)/(-30) - 159/530 is divided by 1?
0
Let x(a) = 111*a**2 + 6*a + 70. Calculate the remainder when x(-6) is divided by 18.
16
Suppose 25*m - 294 = -17*m. Suppose 1089 = m*a + 144. What is the remainder when a is divided by 14?
9
Let j(u) = 23*u**2 - 274*u - 1389. Calculate the remainder when 3892 is divided by j(-5).
0
What is the remainder when 654 is divided by 27*(-59 + 60 + 2*2)?
114
Suppose 36 + 32 = 4*x. Calculate the remainder when 693/(2 + 5) - 2 is divided by x.
12
Calculate the remainder when (216/32 - 12)/(9/(-264)) is divided by -1 - -5 - (4 - 6).
4
Let u(s) = 2*s**3 - s**2 - 7*s + 3. Let a be u(5). Suppose -3*b + 2*q = q - a, -5*b + 2*q + 322 = 0. What is the remainder when b is divided by 11?
9
Let v be ((-33)/22)/((-12)/(-1088)). Let y = -115 - v. Calculate the remainder when 73 is divided by y.
10
Let l = -2196 - -3452. Calculate the remainder when l is divided by 97.
92
Suppose 2*q - 72 = 5*p, -60*q - 5*p - 118 = -63*q. Calculate the remainder when 3356 is divided by q.
44
Suppose 6*a = 622 + 434. Let m = -136 + a. Calculate the remainder when m is divided by 15.
10
Suppose p + 2*p + 2759 - 7691 = 0. Calculate the remainder when p is divided by 47.
46
Suppose -588 + 1341 = 3*c - 1755. What is the remainder when c is divided by 75?
11
Suppose -2*k - 738 = -5*l, -3*l + 454 = -44*k + 40*k. What is the remainder when l is divided by 61?
24
Let i = -45 + 51. Let r = -201 - -